uppose -24 = -9*k + 7*k. What is the remainder when 237 is divided by k?
9
Let n(i) = -i - 8. Let j(w) = 4. Let c(m) = 13*j(m) + 6*n(m). Suppose r - 34 = 20. What is the remainder when r is divided by c(-4)?
26
Suppose -2 = 2*u - 6. Suppose -d - 5*r - 380 = -6*d, -u*r + 233 = 3*d. Calculate the remainder when d is divided by (-6)/(-9) + (-406)/(-21).
17
Let j(y) = -4*y - 1. Calculate the remainder when 3 is divided by j(-1).
0
Suppose -115*j + 660 = -103*j. Calculate the remainder when j is divided by 7.
6
Suppose 3*x - 66 = -4*s, -81 = -4*s - s - 3*x. What is the remainder when 10 is divided by ((-28)/(-6))/(((-80)/s)/(-8))?
3
Let a = 1159 - 1108. Calculate the remainder when a is divided by 27.
24
Suppose -3*l = o - 7, -l + 2*l = 3*o + 19. Suppose 5*v - 3*k - 209 = 258, v - 107 = l*k. Calculate the remainder when v is divided by 46.
45
Calculate the remainder when (-79)/4*(-7 - 1) is divided by 95.
63
Let s = -31 + 74. Let d(t) = 12*t - 98. What is the remainder when d(15) is divided by s?
39
Suppose -6*s = 4*s - 2*s. Suppose -2*w + 3*t + 15 = 0, s*w - w - 5 = -4*t. What is the remainder when 36 is divided by w?
6
Calculate the remainder when 72 is divided by (-12 - (-3198)/65) + (-1)/5.
35
Suppose -2*g = 64 - 184. What is the remainder when 118 is divided by g?
58
Let d(l) = -4*l + 14. Let f be d(9). Let a = -19 - f. What is the remainder when 18 is divided by a?
0
Let x = -587 + 609. What is the remainder when 285 is divided by x?
21
Suppose 0 = 12*z - 555 - 249. Calculate the remainder when z is divided by 14.
11
Let j(k) = k**3 - 11*k**2 + 14*k - 14. Let m be j(10). Let z = m - 19. Suppose 3*o = -c + 6, 2*o - 2*c - 8 = -2*o. What is the remainder when z is divided by o?
1
Suppose 5*o - 6 - 87 = i, -3*o + 60 = -2*i. Calculate the remainder when 37 is divided by o.
1
Suppose -s = 3*s - 4. Let d = s + -4. Calculate the remainder when (2 - 4) + 84 - d is divided by 22.
19
Let h = 1866 - 1852. Calculate the remainder when 235 is divided by h.
11
Let n = 249 - 233. What is the remainder when 61 is divided by n?
13
What is the remainder when (-91)/(-26)*(-116)/(-7) is divided by 8?
2
What is the remainder when 1292 is divided by (-1*4)/(23/(-414))?
68
Let i(k) = k**3 + k**2 + 7. What is the remainder when i(0) is divided by ((1/2)/(5/12))/((-1490)/(-3725))?
1
Let l = 392 + -358. What is the remainder when 167 is divided by l?
31
Suppose -4*s - 235 = -7*s + 2*p, -3*p + 302 = 4*s. Calculate the remainder when s is divided by 16.
13
Let c(w) = w**3 - 16*w**2 + 29*w + 19. Let k be c(14). Suppose 0 = -k*o + 28*o + 20. What is the remainder when 21 is divided by o?
1
Suppose 5*l + 0*l = -2*x + 108, l + 2*x - 20 = 0. Let k(g) = -g**3 + 27*g**2 + 26*g + 96. What is the remainder when k(28) is divided by l?
18
Let x = 299 + -274. Calculate the remainder when x is divided by 16.
9
Let y = 387 - 18. Suppose 2*p = -3*z + 217, 0*p = 5*z - 4*p - y. Let a = z + -41. What is the remainder when a is divided by 11?
10
Suppose 28*w = 38*w - 1720. What is the remainder when w is divided by 35?
32
Let n(s) = s + 0*s + 9 - 11. Let m be n(-5). Calculate the remainder when (-53)/(-2) - m/(-14) is divided by 9.
8
Suppose 40*a - 7 = 39*a. Calculate the remainder when 101 is divided by a.
3
Let t(b) = b**3 + 35*b**2 - 14*b - 8. Calculate the remainder when t(-35) is divided by 95.
7
Calculate the remainder when 4776/32 + (-2)/8 is divided by ((-19)/8*-6)/(9/24).
35
Let x(n) be the first derivative of 2*n**3/3 - 33*n**2/2 - 4*n + 5. Calculate the remainder when x(17) is divided by 4.
1
Let r(n) = -3*n**3 + 2*n**2 - 1. Let y be -5 + 76/8 + 1/2. Suppose b - v = -0*b, b - 18 = -y*v. What is the remainder when r(-1) is divided by b?
1
Suppose -5*p = -0*p - 10. Suppose -i = -p*b + 120, 3*b - i = -0*b + 179. What is the remainder when b is divided by 16?
11
Let b(g) = -16*g - 1. Let h be b(-3). Suppose 0*r - h = -2*r + 5*l, r - 3*l = 24. Calculate the remainder when (-1)/(((35/(-14))/(-5))/(-20)) is divided by r.
19
Let x = 81 - 47. Suppose -3*i = -6*i + 9. What is the remainder when x is divided by 48/i*3/4?
10
Let p = 139 + -67. What is the remainder when p is divided by 25?
22
Let t = -9 + 24. Let q(p) = -p**2 - 19*p - 42. Let w be q(-12). Suppose -w = j - 2*j. Calculate the remainder when j is divided by t.
12
Let o(x) = -x**3 - x + 3. Let z be o(0). Suppose 0*m + m = -z*v + 70, -282 = -5*m + 2*v. Calculate the remainder when m is divided by 20.
18
Suppose 0*z + 5*r + 1031 = 4*z, -5*r = z - 264. Calculate the remainder when z is divided by 13.
12
What is the remainder when 71 is divided by 0 - (-12 + 10 + -11)?
6
Suppose 3*a = -9, 0 = y - 2*a + a - 30. Suppose 3*t = 3*z - t - 26, 3*t = 3*z - y. What is the remainder when z is divided by 9?
1
Suppose 4*x - 52 = 2*x. Suppose 57 - 8 = u. Calculate the remainder when u is divided by x.
23
Suppose 0 = -4*v + v + 36. Suppose 0 = -3*g + 53 + 28. Let c = g - v. What is the remainder when 28 is divided by c?
13
Let s(o) = 7*o + 22. Let f be s(-9). Let y = 83 + f. Calculate the remainder when y is divided by 15.
12
Let g(p) be the second derivative of p**5/20 + p**4/3 - 4*p**3/3 + 7*p**2/2 - 34*p. Calculate the remainder when g(2) is divided by 7.
1
Suppose 262 - 330 = -4*x. What is the remainder when 1171 is divided by x?
15
Let h(d) = -2*d**2 + 19*d + 12. Let y = 119 - 110. Calculate the remainder when 40 is divided by h(y).
19
Suppose 0 = 3*s - 9*s + 12. Suppose -d + 53 = 2*d + s*n, n - 19 = -d. What is the remainder when 43 is divided by d?
13
Let h(u) = 5*u - 2. Let a be h(1). Suppose 5*z - 18 = 2*m - 3*m, 0 = -4*m - a*z + 38. What is the remainder when 87 is divided by m?
7
Suppose 56 = -2*c + 2*s, -4*s + 143 = -5*c - 2*s. Let k = -6 - c. Calculate the remainder when k is divided by 12.
11
Suppose -92 = -366*i + 362*i. What is the remainder when i is divided by 8?
7
Suppose 0 = -14*g + 12*g + 5*s + 58, -g - 5*s = -59. Calculate the remainder when 143 is divided by g.
26
Suppose 2*c - 282 = -4*w + 206, -c - w + 246 = 0. Suppose 3*r = -4*b + 203 - 16, -5*b + c = 4*r. Calculate the remainder when r is divided by 31.
26
Calculate the remainder when 9/(-6)*(-80)/(-30) - -534 is divided by 59.
58
Let v(b) = -4*b + 1. What is the remainder when 16/(-32)*(-11)/((-33)/(-390)) is divided by v(-4)?
14
Suppose 2*k + 5*p - 186 = 0, 2*p = -3*p - 20. Suppose -21 = -2*w + k. What is the remainder when w is divided by 13?
10
Suppose -18 - 8 = -2*l. Let i = l - 11. What is the remainder when 8 is divided by -15*(i - 21/9)?
3
Suppose 0 = 4*p - 2*m - 24, 5*p - 5*m - 29 = -3*m. Let s(g) = 2*g**2 - 2*g + 14. Calculate the remainder when s(p) is divided by 14.
12
Let w(y) = 7*y**2 - 53*y - 11. Suppose r + 241 = 5*k, 4*r + 52 = -2*k + 3*k. Calculate the remainder when k is divided by w(8).
9
Let c(s) = -s**2 + 23*s - 26. What is the remainder when 316 is divided by c(5)?
60
Suppose 157*g - 135*g = 1430. What is the remainder when 165 is divided by g?
35
Suppose 4*d - 15 = h + 21, 2*d = -2*h + 28. What is the remainder when 218 is divided by d?
8
Suppose 70 = -5*d - 85. Let z = d + 47. Let p = -11 + z. Calculate the remainder when 9 is divided by p.
4
Let x = 306 + -192. What is the remainder when -14 + x - 4/1 is divided by 14?
12
Suppose 4*j + y = -68 + 405, -4*j + 3*y = -317. What is the remainder when j is divided by 53?
30
Suppose 5*r = 20 - 5. Suppose 5*s - 252 = r*n, -5*s - 5*n = -143 - 77. What is the remainder when s is divided by 25?
23
Let y(k) = 13*k + 52. Calculate the remainder when y(4) is divided by 40.
24
What is the remainder when 45 is divided by ((-4)/(-5) + 0)/((-9)/(-45))?
1
Let k = 25 - 9. Suppose -n - 73 = -86. Suppose -5*u + 66 = 3*i - n, 5*u + 5 = 0. Calculate the remainder when i is divided by k.
12
Let j = 706 - 448. What is the remainder when j is divided by 19?
11
Suppose 35*r + 2*r - 74 = 0. Calculate the remainder when 7 is divided by r.
1
Let a(x) = 18*x**2 + 21*x + 42. Calculate the remainder when a(-2) is divided by 16.
8
Let b(q) = q**3 - 5*q**2 - 10*q + 10. Let u = 20 - 12. What is the remainder when b(u) is divided by 31?
29
Let c = 99 - 105. Calculate the remainder when 34 is divided by (-14 + -4)/((-1)/((-4)/c)).
10
Let t(g) = -33*g - 64. Let i be t(-7). Let n = -106 + i. Calculate the remainder when n is di